+ t*j - 5*j = 50. Let n(x) = x - 19. What is n(h)?
-9
Let y(t) be the second derivative of -t**4/12 - t**3/6 - 3*t**2/2 - 3*t + 265. What is y(0)?
-3
Suppose 6*y - 5*n - 109 = 3*y, -3*y = 4*n - 118. Let f = -41 + y. Let p(q) = -q**3 - 4*q**2 - 4*q - 5. What is p(f)?
-2
Let s(u) = -25*u**2 + u + 2*u + 24*u**2 + 1. Suppose 2*a + 3 = 3*a. Suppose a*v + 4*n - 19 = 0, -4*n + 2 = 2*v - 12. Calculate s(v).
-9
Let f(a) = -2*a**2 + a + 2. Let k(c) = c**2 + 2*c + 3. Let o be k(0). Let p(i) = -o*i + 0*i - 2*i + 4*i. Let t(y) = -f(y) + 2*p(y). What is t(4)?
18
Let h(l) = -1146825*l**3 + 12*l + 3 + 1146826*l**3 - 12*l**2 - 8. Determine h(11).
6
Let j(x) = -x**2 - 8*x + 2. Let h be ((-60)/150)/(-2 - 21/(-10)). Determine j(h).
18
Let b(a) = 17*a + 3*a - 147 + 31*a - 55*a. Give b(-36).
-3
Let t(i) be the first derivative of i**5/60 + i**4/6 - i**3 - 7*i**2 - i - 258. Let o(z) be the second derivative of t(z). Give o(-8).
26
Let l(a) = -a**2 + 23*a - 38. Let i(n) = -20*n - 2979. Let k be i(-150). Give l(k).
4
Let n(u) = 13 - u - 32 + 20. Let v(a) = -4*a + 3. Let q(r) = -9*n(r) + 2*v(r). What is q(8)?
5
Let t be (138/8)/((-6)/(-8)). Let u = t - 31. Let x = 0 + u. Let h(o) = o**3 + 7*o**2 - 8*o - 1. Determine h(x).
-1
Let l(i) = 4*i**2 - 2*i. Suppose 0 = -4*x + 5*p - 145, 5*p = 5*x + 162 + 18. Let s be 16/7 + (30/x)/3. Calculate l(s).
12
Suppose -13*p + 68 = 94. Let r(a) = 4*a**2 + 2*a. Calculate r(p).
12
Let i be 6/(3/(-12)*-6). Let z be 2/(-8) - 221/(-68). Let d(s) = -s**2 + 0 - z + 5*s - i + 5. Calculate d(4).
2
Let f(u) = -u**3 + 13*u**2 - 23*u + 11. Let r be f(11). Suppose w + r*q - 1 = -3*q, -5*w = 3*q + 7. Let a(n) = -n**2 - 5*n - 4. What is a(w)?
2
Let a be 0 - (24/30)/((-10)/25). Let q(j) = 55 + 2*j**a - 20 - 18*j - 28 - j**2. Determine q(17).
-10
Let h be (-6)/39 + (-4)/((-156)/513). Let b(y) = -y**3 + 12*y**2 + 5*y + 18. Determine b(h).
-86
Let b = 10 + -16. Let c(q) be the first derivative of -1/3*q**3 - 7/2*q**2 - 17 + 5*q. Give c(b).
11
Let x(z) = -5*z**3 - z**2. Let i be x(-1). Suppose -i*w + 2 = -62. Let r(d) = 10 + 0*d**3 + 5*d**3 - 4*d**3 - w. Give r(0).
-6
Let s(b) = 17*b**2 - 3. Let f = -46 + 48. Suppose -m - 4 = -q - 2*q, -f*q + 12 = 4*m. Let c(g) = -8*g**2 + 1. Let d(w) = q*s(w) + 5*c(w). What is d(1)?
-7
Let l(b) = 35*b + 8. Let j be (-3)/12*(-1 + 13). Determine l(j).
-97
Let o(v) = -23*v - 15*v - v**3 + 56*v - 5 + 1 - 19*v. Calculate o(-2).
6
Suppose -11 - 31 = -7*h. Suppose -2*z + 3*z = h. Let y(l) = -12 + 6 - 3*l + 7 + 7*l - 5*l. Calculate y(z).
-5
Let u(m) = 59*m**2 - 9*m + 3. Let g be u(1). Let t(i) = 15 + 24 - 2*i**2 - g - 5*i + 19 + 0*i**2. Calculate t(-5).
-20
Let h(z) = -4*z + 2*z**2 + 6*z - 19*z + 35. Let a be h(6). Let b(y) = -2*y + 1. Calculate b(a).
-9
Let s(j) = j**3 - 33*j**2 + 10*j + 6. Let l(k) = -6*k**2 - k - 1. Let i(r) = 3*l(r) - s(r). Let v(d) = -2*d + 14. Let n be v(0). Give i(n).
5
Let k(r) = -24*r**2 - 48*r - 105. Let y(x) = 13*x**2 + 24*x + 53. Let w(f) = -6*k(f) - 11*y(f). Let d(l) be the first derivative of w(l). What is d(-10)?
4
Let h(b) be the third derivative of -b**6/120 + b**5/10 - b**4/6 + 5*b**3/6 - 36*b**2 + 2*b. Let u(p) = p**2 - 23*p + 46. Let t be u(21). Determine h(t).
21
Suppose -2*r + f - 1 + 4 = 0, 3*r - f - 5 = 0. Let o(t) = -t - 12719 + t**2 + 12718 + r*t. Let q be (0 + 0)/(3/(-3)). What is o(q)?
-1
Let u(n) = 8*n**2 + 6*n - 20. Let o(f) = 5*f**2 + 3*f - 12. Let b(g) = -5*o(g) + 3*u(g). Suppose 2*z - 17 = 4*z + 5*x, 0 = -4*z + 4*x + 36. What is b(z)?
-4
Let q = -8789 + 8797. Let i(c) be the first derivative of -c**4/24 + 5*c**3/3 + 3*c**2/2 + 4. Let l(a) be the second derivative of i(a). What is l(q)?
2
Let y(q) = 3*q**2 - 17*q - 2. Let i(c) = -9*c**2 + 45*c + 5. Let n(s) = -3*i(s) - 8*y(s). Calculate n(2).
15
Let b(t) be the third derivative of t**5/12 + 7*t**4/3 + 13*t**3/6 - 3*t**2 + 28. What is b(-11)?
2
Let c(d) = -135*d + 64. Let w(o) = 156*o - 64. Let v(l) = -7*c(l) - 6*w(l). What is v(10)?
26
Let u(v) = v**3 + 4*v**2 + 3*v - 7. Let z(g) = g**3 + 7*g**2 + 14*g + 3. Let c be z(-3). Determine u(c).
-7
Let w be (-4)/(-20) + (-48)/15. Suppose -n - n - 4*s = -20, n - 3*s + 15 = 0. Let a(o) = 6 - 5 + n*o - o. Determine a(w).
4
Let d(z) = z + 6. Let t be d(-9). Let f(j) be the third derivative of 1/3*j**3 + 0 - 23*j**2 - 1/24*j**4 + 0*j. Determine f(t).
5
Let s(h) be the second derivative of -h**4/12 - 13*h**3/6 - 11*h**2/2 + 92*h - 31. Calculate s(-12).
1
Let r(h) = -h**3 + 3*h**2 - 16. Let t be (-20 - -8)/(-36)*(1 - -14). What is r(t)?
-66
Let w(o) = -2*o**2 - 6*o + 4. Let b = 2857 + -2860. Determine w(b).
4
Let x(p) be the second derivative of -p**2 + 0*p**4 + 0 - 1/20*p**5 + 0*p**3 - 60*p. What is x(-2)?
6
Let b(q) = -2*q**2 + 10*q - 1. Let z(u) = 1 + 1 + 21*u - 2*u**2 - 20*u + u**2. Let v(l) = b(l) - 3*z(l). What is v(-9)?
11
Let f(s) = s**3 - 11*s**2 - 2*s + 20. Suppose -90*t + 27*t + 693 = 0. What is f(t)?
-2
Let v(z) = 2*z - 9*z - 41134*z**2 + 3 + 41133*z**2 - 3*z**3. Calculate v(3).
-108
Let i(y) = -y**2 - y - 2. Suppose -3*m + 2*n = 102 - 349, 5*m - 3*n = 411. Suppose -19*g - m = 8*g. Determine i(g).
-8
Let h(p) = -262*p - 1570. Let x be h(-6). Let n(b) = 2*b**2 + 4*b - 12. What is n(x)?
4
Suppose 0 = -4*y - b + 11, -4*b + 10 = 10*y - 11*y. Let a(s) = -s + 9. Determine a(y).
7
Let z(u) = -5*u - 15. Let y(g) = g + 3. Suppose 0 = 2*x + 2*m - 40, 5*x = -0*x + m + 70. Suppose p - x = -4. Let a(k) = p*y(k) + 2*z(k). Determine a(-2).
1
Let i(f) = -f**3 - 9*f**2 + 7*f - 33. Let b be 2 + (-32)/14 + (3536/(-182))/2. What is i(b)?
-3
Let d(v) = -6*v**3 + 23*v**2 - 12*v + 17. Let u(a) = -7*a**3 + 28*a**2 - 14*a + 21. Let m(p) = 6*d(p) - 5*u(p). Suppose 3*l + 3 + 3 = 0. What is m(l)?
1
Suppose -5*u - 7 = -32. Let b be (-30)/3 + 44/4. Let q(j) = -15*j**2 + 4*j - 12*j**2 + 3*j**3 - b - j**3 + 31*j**2 - 3*j**3. Give q(u).
-6
Let n(u) = -u**3 + u**2 + u. Let h(m) = -2*m**3 + m + 3. Let d(g) = h(g) - n(g). Let v(x) = -12*x**3 - x**2 + 2*x + 6. Let p(f) = -2*d(f) + v(f). Give p(-1).
9
Let v(t) = -t - 1. Let z(g) = g**3 - 9*g**2 + 3*g + 7. Let d be z(7). Let w(x) = -55*x**2 - 4*x - 14. Let h be w(-1). Let n = d - h. Calculate v(n).
4
Let q(h) = 2*h**3 - 11*h**2 + 9*h - 12. Let z(r) = -r**2 - 14*r + 2557. Let t be z(44). Determine q(t).
8
Suppose -196 = 91*m - 651. Let w(h) = -h**3 + 5*h**2 - 5*h + 2. What is w(m)?
-23
Let z(s) = -9278*s**2 - 9273*s**2 + 7*s - 33 + 27829*s**2 - 9277*s**2. Determine z(-10).
-3
Suppose -12 = -5*l + x + 2, 22 = 3*l - 4*x. Let w(c) = 240 + 9*c - 121 - c**l - 118. Give w(5).
21
Let u(x) = -7*x**2 + 23*x + 7. Let h(f) = -13*f**2 + 41*f + 16. Let w(a) = 6*h(a) - 11*u(a). What is w(-7)?
19
Let n(q) be the first derivative of -3*q**2 + 15 + 2/3*q**3 + 39*q + 1/12*q**4. Let x(k) be the first derivative of n(k). Calculate x(-6).
6
Suppose -u + 13 = 5*x + 2*u, 0 = -2*u + 2. Let d(o) = -x - o + 2*o + 6. Give d(0).
4
Let o(m) = m**3 - 6*m**2 + 2*m + 4. Let g = 191 + -55. Let b = g + -130. Give o(b).
16
Let h(i) be the first derivative of -i**3/3 - 15*i**2/2 - i + 658. Determine h(-16).
-17
Let g(i) = -13*i - 76. Let z be (-924)/(-165)*10/(-7). What is g(z)?
28
Let x(h) = -713329*h**3 + 9*h + 15*h - 13*h**2 - 713328*h**3 + 1426658*h**3. Give x(11).
22
Let q be -3 + 16 + (-1)/(-4)*4. Let d be (-99)/63 - 6/q. Let w(p) be the first derivative of -p**4/2 - p**3 - p**2/2 + p - 5. Determine w(d).
7
Suppose -23*d = 925 - 1155. Let u(l) = l + 31. Calculate u(d).
41
Let x(k) = 2*k**3 - 35*k**2 - 9*k + 32. Let n be x(18). Let v = n - 197. Let b(m) = m**3 + 3*m**2 - 2*m + 3. Determine b(v).
9
Let v(n) = -n**2 + 6*n + 6. Let t(m) = 15*m**2 - m. Let f be t(-2). Let z = f - 56. Let i(p) = p + 2. Let q be i(z). What is v(q)?
-10
Let k(h) = 24*h**2 + 3*h**3 - 4*h**3 + 3*h**2 - 11*h**2 + 37 + 35*h + 0. What is k(18)?
19
Let k be 3/((-56)/16 - -4). Let i(y) = -8 + k*y**2 + 9*y**2 - 8*y**2 - 54*y**3 + 55*y**3 + 3*y. Calculate i(-6).
10
Let h(b) = -12*b**2 - 54*b**3 - b + 42*b**2 + 84*b**3 - 29*b**3 - 41. Calculate h(-30).
-11
Let x(b) = -5*b + 2. Suppose 19*s - 6*s = 286. Let t(f) = -10*f**3 + 6*f**2 + s*f + 9*f**3 + 4 - 22*f. Let v be t(6). Determine x(v).
-18
Let n(x) = -13*x**2 - 39*x + 12. Let k(q) = 5*q**2 + 14*q - 5. Let c(l) = -5*k(l) - 2*n(l). Let r = 0 + -7. Give c(r).
-6
Let n = 771 - 771. 